ive f(5).
1
Let q(y) = 2*y**2 + y + 11. Let g(f) = -f**2 - f - 5. Let o = -2 - 2. Let i(d) = o*q(d) - 9*g(d). Let x be (8/6)/((-5)/15). Determine i(x).
-3
Let g(w) = -8*w + 1. Let m(o) = -o + 1. Let y = 1 + -1. Let v be m(y). Determine g(v).
-7
Let p(z) = -z**2 + 3*z - 3. Let u be p(2). Let q(x) be the second derivative of -4*x**3/3 + x**2/2 + 20*x. Give q(u).
9
Let i(q) = q**2 + 1 - 3*q**2 + 3*q**2. Let s be (-135)/(-25) + (-2)/5. Suppose -2*b + 0*b = 3*m - 9, -15 = -5*b - s*m. Determine i(b).
1
Let l(w) = 6*w**2 + 4 - 7*w**2 - 4 - 3*w. Determine l(-3).
0
Let l(n) be the third derivative of n**4/24 + 7*n**3/6 + 2*n**2. What is l(-10)?
-3
Let n(w) = -11*w**2 + 1. Let j(d) = 12*d**2 - 1. Let m(i) = 6*j(i) + 7*n(i). Determine m(-1).
-4
Suppose -2*n + n = -5*s - 20, 4*s = -16. Suppose -2*j - j - 6 = n. Let h(i) = i**2 + 4*i + 1. Determine h(j).
-3
Let j(k) = -5*k**3 - 11*k**2 - 6*k - 4. Let w(n) = 6*n**3 + 12*n**2 + 7*n + 5. Let i(h) = -7*j(h) - 6*w(h). Determine i(5).
-2
Suppose -v - 7 + 22 = 0. Let u be (-9)/v*5*-1. Let c(q) = -q**3 + 2*q**2 + 3*q - 2. Calculate c(u).
-2
Let b(u) = -3*u + 26. Let h be b(8). Let o(n) = -n**2 - 2*n. Determine o(h).
-8
Let c(w) = w - 3. Let f = -5 + 7. Suppose -f*r - 10 = -4*r. Give c(r).
2
Let n(x) = -x**2 - 2. Let v(o) = o**2 - o. Suppose 8 = 2*j - 0*j. Let h be (-5)/((-10)/j)*-1. Let i(g) = h*v(g) - n(g). What is i(3)?
-1
Let f(k) be the first derivative of k**2/2 - 5*k - 21. Give f(8).
3
Suppose -6*h + 63 = -3*h. Let r = h - 15. Let d(z) = -z**2 + r + 3 - 7. What is d(3)?
-7
Let t(h) = 19*h + 2*h**2 + 5 - 3*h**2 - 13*h. Give t(5).
10
Let y(r) = -2 + 3*r - r - 3*r. Let g be ((-2)/(-3))/((-5)/15). Determine y(g).
0
Let k(b) = b**2 - 5*b + 3. Let c = -94 - -97. What is k(c)?
-3
Let q(t) be the third derivative of 1/3*t**3 - 3*t**2 + 0 + 0*t - 1/12*t**4 + 1/60*t**5. Calculate q(2).
2
Let v(q) = q**3 - 8*q**2 - 10*q + 10. Let w(n) = -n**3 + 9*n**2 - 8*n + 9. Let a be w(8). Determine v(a).
1
Let l(d) be the third derivative of -d**5/20 + d**4/8 - d**3/6 - 3*d**2. Suppose 17 = -4*i - 5*y, -3*i + 2*y + 8 = -8. What is l(i)?
-7
Let u(l) = 2*l + 2. Let s be ((-8)/6)/(48/(-72)). Give u(s).
6
Let x = 59 + -39. Suppose 5*t + 0 - x = 0. Let i = t - 9. Let p(j) = j + 5. What is p(i)?
0
Let d(f) be the second derivative of 1/3*f**3 + 2*f + f**2 + 0. Let r(b) = -b**3 - b - 4. Let j be r(0). Determine d(j).
-6
Let l(x) = -4*x + 2*x**2 - 5 + 8*x**2 - 9*x**2. Determine l(6).
7
Let c(k) = k - 11. Let q(s) = -s + 10. Let j(v) = 4*c(v) + 5*q(v). Determine j(0).
6
Let d(p) = 1 + 0 + 18*p - 3 - 17*p. What is d(-2)?
-4
Let q = 2 + -3. Suppose -2*i + 6 = -4*k + 2*k, 0 = 2*i + 2*k - 2. Let j(n) = -n**3 + n + 2*n**i + 3 - 2 - n**2. Calculate j(q).
2
Let r(m) = 7*m - 1. Let n(s) = -4*s + 1. Let h(b) = 10*n(b) + 6*r(b). Suppose 5*k + 6 = 31, 4*c - 13 = -5*k. Give h(c).
-2
Let p(m) be the second derivative of 1/3*m**3 + m**2 + 0 + 5*m. Give p(-2).
-2
Let p(l) = -l**2 - 4*l - 1. Let t(w) = w + 14. Let b be t(-14). Suppose 7*n + 14 + 14 = b. Give p(n).
-1
Suppose -3*j - 2*j = 0. Suppose j = -4*d - 0 + 4. Let x be d - -1 - 0/3. Let p(k) = 2*k - 2. Determine p(x).
2
Let i = 0 + 2. Let m(k) = -i - k - 5 + 1 + 0. Let w = 1 + -1. Calculate m(w).
-6
Suppose 3*w = 4*k + 12 + 15, -34 = 3*k - 5*w. Let n be k - -2*(1 - 0). Let p = n - -5. Let d(h) = h**3 - 3*h**2 - 5*h - 2. What is d(p)?
-6
Let m(k) = -k**3 - 5*k**2 - 3*k - 2. Suppose -3*q + 5*a - 55 = 0, 7 = a + 2. Let o be (6/(-4))/((-5)/q). Give m(o).
-11
Let r(y) = -y. Let a(n) = -3*n - 5. Let s(t) = -a(t) + 2*r(t). Determine s(-6).
-1
Suppose 5*y - 2*j = 2, -3*j - j - 4 = y. Let p = y + 2. Let c(g) = -3*g + p*g**2 + 3*g - 4*g**2. Give c(1).
-2
Let c be (-20)/(-6) + ((-78)/18 - -3). Let w(a) = -a**2 + a + 1 - 3*a + a. Give w(c).
-5
Let t(q) = q**3 - 2*q**2 - q. Suppose 4*z + 5 - 37 = 0. Suppose -z = -3*m - m. Give t(m).
-2
Let y(a) = -2*a + 2. Suppose 5*q = l + 53, 2*l - 18 = -3*q - 2*l. Suppose r + 5 = q. Calculate y(r).
-8
Let q(m) be the second derivative of 0 + 3/2*m**2 - 7*m + 1/3*m**3. Calculate q(-3).
-3
Let g(s) be the third derivative of s**5/30 + s**4/24 - 20*s**2. Give g(-2).
6
Let w(n) = 2*n + 6. Let o be -8 - (-2 + -1 - 0). Give w(o).
-4
Let h(o) = o**3 - o**2 - 1. Suppose 6 = 2*j + j. Let q(a) = -3*a - 2 + 4*a**j + 2. Let d(p) = h(p) + q(p). Calculate d(-3).
8
Let m be 4/(-26) - 99/117. Let f(d) = 8*d**3 + 2*d**2 + d. Determine f(m).
-7
Let f be ((-24)/9)/(-2)*3. Let p(m) = -m + m + m + f. Let v = -9 - -4. Determine p(v).
-1
Let j = 0 - -3. Let b(h) be the second derivative of 0*h**j - 1/2*h**2 + 2*h + 0 + 1/12*h**4 - 1/5*h**5. What is b(-1)?
4
Suppose 2*v - 2*k = -2, 3*k + 7 = -8. Let a be (-2 + 14)*(-2)/v. Let r(u) = -a + 1 - 3*u + 4*u. Give r(2).
-1
Suppose -5*l = -5*p, -p + 2*l = -5*p. Let h = -6 - -11. Let v(i) = 7*i - 21. Let o(k) = 3*k - 10. Let b(t) = h*o(t) - 2*v(t). Give b(p).
-8
Let k(n) = 4*n**3 + n + 956 - 3*n**3 - 950 - n**2. What is k(0)?
6
Suppose -3*c + 6 = -0*c, -2*i + 2 = -c. Let p(k) be the first derivative of 0*k + 2 - 1/3*k**3 - 5/2*k**i. Give p(-5).
0
Let m(s) = 3*s**3 - 7*s**3 + 3*s**3 + 4*s - 2*s**2. Suppose -1 = -5*p - 2*d + 2, 5*d = -5*p. Suppose k + b = -p, -3*b = -5*k - b - 19. What is m(k)?
-3
Let f = 36 - 36. Let q(v) be the second derivative of 2*v + f - 5/12*v**4 + 2/3*v**3 + 0*v**2 + 1/20*v**5. What is q(4)?
0
Let u(q) = -4*q - 11*q**3 + 3*q + 10*q**3 - 3 - 4*q**2. Determine u(-4).
1
Suppose -12 + 42 = 5*d. Let h(p) = 2 + p - 4 - 2*p. Give h(d).
-8
Let x = 33 + -33. Let p(c) = c**2 + c - 6. What is p(x)?
-6
Let r(h) = 11*h**3 - 8*h**2 - 6*h - 15. Let x(v) = -5*v**3 + 4*v**2 + 3*v + 7. Let n(l) = -6*r(l) - 13*x(l). Suppose -30*a - 21 = -23*a. What is n(a)?
-1
Let p(q) = 5*q + 1. Suppose -2 + 5 = -3*g. Calculate p(g).
-4
Suppose f - 4*m - 15 = 0, 3*f - 5*m + 2*m = 9. Let z(w) = 15*w + 1. Calculate z(f).
-14
Let k(w) be the second derivative of 7*w**5/20 + w**4/6 + w**3/6 + 11*w. Calculate k(-1).
-6
Let t(l) = 5*l**3 + l**2 - l - 1. Let a(g) = -g**2 + 7*g - 7. Let m be a(6). Let f = m + 0. What is t(f)?
-4
Let u(d) be the third derivative of 0*d**3 + 0*d + 2*d**2 + 0 + 1/12*d**4 - 3/40*d**5 + 1/720*d**6. Let k(c) be the second derivative of u(c). Give k(4).
-5
Let i be (-6)/(-9)*(-1 - 2) - 3. Let u(l) = 2*l + 3. What is u(i)?
-7
Let m(a) = a + 7. Let f be ((-2)/2)/((-1)/(-10)). Let t be m(f). Let h = -3 - t. Let i(l) = l**3 - l**2 + l + 4. Give i(h).
4
Let c(m) be the second derivative of -m**7/2520 + m**6/360 + m**5/24 - m**4/12 - m. Let q(f) be the third derivative of c(f). Let o = -2 - -6. Calculate q(o).
-3
Let k(t) = t + 8 - t - 6*t - 9. Give k(1).
-7
Let z(j) be the third derivative of -j**6/120 - j**5/20 + j**4/12 + 2*j**3/3 + j**2. Let o = -163 - -160. Calculate z(o).
-2
Let o(c) = c + 1. Let v be 0 + (0 - -4) + -1. Suppose -2*u - 23 = 3*u + 4*w, -5*w - 1 = -v*u. Determine o(u).
-2
Let o(n) = 2 + n - 1 - 7*n. Suppose 10 = 6*m - 11*m. What is o(m)?
13
Let l(u) = u + 4. Let i(w) = w + 10. Let a be i(-7). Suppose 2*x + d + 5 = -1, -a*x - 31 = -4*d. Give l(x).
-1
Let j(x) = -x + 4. Suppose -1 = -t - 2*h, 5*h - 1 = 3*t - 5*t. Calculate j(t).
1
Let l(d) = -d**2 - 2*d - 2. Suppose 0 = n + 4*n + 10. Determine l(n).
-2
Let m(o) = -o - 7. Let t(g) = g + 3. Let f(d) = 4*d + 13. Let r(y) = 2*f(y) - 9*t(y). Let h(k) = m(k) - 2*r(k). Determine h(6).
1
Let k(z) = z**3 - z. Let c(x) = 4*x**3 - 2*x**2 - x - 3. Let l(u) = c(u) - 3*k(u). Suppose 9*m + 2*m = 22. Determine l(m).
1
Suppose 0 = 5*s + t + 26, s + 3*s = -5*t - 25. Let q(n) = -7 - n - 2*n + n**2 + 6*n. Give q(s).
3
Let h(d) be the first derivative of -d**4 - d**3/3 - 5*d**2/2 + 6*d + 3. Let u(n) = 3*n**3 + n**2 + 4*n - 6. Let r(j) = -4*h(j) - 5*u(j). What is r(0)?
6
Suppose 2*b - 5*n = -24, -4*n = -4*b - n - 20. Let y = 2 + b. Let j(d) = -3 + y*d + 2 + d. Calculate j(-4).
-5
Let q(b) = -4*b**2 + 4*b + 4. Let p(c) = 5*c**2 - 4*c - 3. Let x(g) = 3*p(g) + 4*q(g). Suppose -20 = -4*z - t, 3*t = 5*z - 0*z - 42. What is x(z)?
-5
Let g(f) = -5*f**2 - 3*f - 2. Let z(v) = 6*v**2 + 4*v + 1. Let j(k) = -5*g(k) - 4*z(k). Determine j(0).
6
Let c(g) = -5*g - 4*g + 14*g - 4*g + 6. What is c(-5)?
1
Let l(h) = 5*h**2 + 1. Let w = 10 + -10. Suppose -3*z - x + w = -3, 3*z - 4*x - 3 = 0. Calculate l(z).
6
Let k = -2 + -3.